 - 2. Calculate the highest common factor of r and 12.
12
Let s be (-9)/(-2) + (-1)/2. Suppose -5*t + 56 = s*a, 2*t - 28 = -2*a - 2*t. Suppose -p + 8 = 1. What is the highest common factor of a and p?
7
Suppose -3*a + 3*p = 4*p - 42, 4*a + p = 55. Calculate the highest common factor of 26 and a.
13
Let t = 3 + 413. Suppose -3*b + 7*b - 5*j - t = 0, -4*j = 16. Suppose 5*z = 4*q + 37, -47 = -z - 4*z - q. Calculate the highest common divisor of z and b.
9
Let m be (-2)/((3/2)/3). Let r = m - -7. Let h(o) = 3*o - 3. Let f be h(r). Calculate the highest common divisor of 18 and f.
6
Let o(b) = 21*b**2 - 2*b. Let z(i) = 10*i. Let j be z(2). Let y be (8/10)/(8/j). Let l be o(y). What is the highest common divisor of l and 20?
20
Suppose 111 = 14*d - 1. Calculate the highest common factor of 88 and d.
8
Let g = -23 - -32. What is the greatest common factor of 81 and g?
9
Let l be (-5)/35 + 3216/21. Calculate the highest common divisor of l and 17.
17
Let n(j) = -4*j + 23. Let i be n(4). Calculate the highest common divisor of i and 7.
7
Suppose -5*s + 4*r = -162, -49 = -3*s + 2*r + 49. What is the highest common divisor of 85 and s?
17
Suppose -35 = -2*m - 7. What is the greatest common factor of 112 and m?
14
Suppose 123 = -4*s + 155. Calculate the greatest common factor of 56 and s.
8
Suppose h - 4*h + 15 = 0. Suppose -13 = h*w - 33, -i = -3*w - 1. Calculate the greatest common factor of i and 104.
13
Let h(r) = -2*r**2 - 15*r + 6. Let l be h(-7). What is the highest common factor of l and 143?
13
Let o(w) = 4*w - 2. Let l be o(2). Let x(b) = 7*b + l*b + 3*b + 4 - 3. Let c be x(1). What is the highest common divisor of c and 85?
17
Suppose -18 = -2*q - 2*c, 7 - 2 = c. Let j(d) = d**3 + 2*d**2 - 2*d + 2. Let f be j(q). Calculate the greatest common divisor of f and 10.
10
Let j(f) = 3*f + f + f**2 - 3*f + 5. Let l be j(0). Let b = 18 - l. What is the greatest common divisor of 65 and b?
13
Let q = 9 + -5. Suppose -13 = -q*c + 39. Let t(j) = 2*j - 3. Let l be t(8). Calculate the greatest common divisor of l and c.
13
Let c be 4/4 - -77 - 3. Calculate the greatest common divisor of c and 30.
15
Let v be ((-1)/(-3))/(4/240). What is the highest common divisor of 70 and v?
10
Suppose l + 702 = -4*v + 27, -680 = 4*v - 4*l. Let t be v/(-7) - (-3)/(-21). What is the greatest common factor of 36 and t?
12
Let k(d) = d**3 + 4*d**2 - 5*d + 6. Let x be k(-4). Calculate the highest common factor of 91 and x.
13
Suppose -2*p - 3*m + 258 = 0, -5*m = -3*p + 271 + 97. Calculate the greatest common divisor of p and 14.
14
Let k = -96 + 196. What is the greatest common factor of k and 40?
20
Suppose 2*j = -2*n + 36, j + 1 - 4 = 4*n. What is the highest common factor of 15 and j?
15
Let w(p) = p**3 - 3*p**2 - 6*p + 5. Let j be w(8). Let b = 457 - j. Calculate the greatest common factor of b and 20.
20
Suppose -2*h - 2*h + 48 = 0. Suppose c - 117 = -h. Calculate the highest common divisor of c and 15.
15
Let w = 7 - -6. Suppose -3*l + 3*o - 4 + 1 = 0, -l - 4*o + 4 = 0. Suppose l*d + 26 = 2*d. Calculate the highest common divisor of w and d.
13
Let s be 4*(-2 - 7/(-2)). Calculate the highest common divisor of 6 and s.
6
Suppose -3*w = 2*j - 25, -j + w - 1 = -2*w. Calculate the greatest common factor of j and 8.
8
Suppose 12*q - 13*q + 13 = 0. Calculate the greatest common divisor of q and 39.
13
Suppose -6 = -d + 6. Let n be d/(-15)*(-25)/2. Let j be (-103)/(-2) + (-6)/4. Calculate the highest common factor of j and n.
10
Let v = 6 - 3. Suppose q + v - 33 = 0. What is the greatest common divisor of q and 12?
6
Let i be -1 - (-11)/(44/(-72)). Let a = -11 - i. Let x = -6 - -8. What is the highest common divisor of a and x?
2
Let t = -5 + -3. Let w = t - -12. Calculate the highest common divisor of w and 10.
2
Suppose -5*a = -3*q - 273, 5*a + 4*q = -89 + 390. Calculate the highest common divisor of a and 38.
19
Let y be (242/(-11))/(0 + -1). Calculate the greatest common divisor of 110 and y.
22
Suppose -2*o - 25 = -7*o. Let f = -18 + 25. Suppose 145 = f*y - 65. What is the greatest common divisor of y and o?
5
Let c(r) = -13*r + 3. Let j be c(-4). Suppose -f = 4*f - j. What is the greatest common divisor of f and 99?
11
Let q = -201 + 212. Suppose 30 + 47 = c. Calculate the greatest common divisor of q and c.
11
Let x be 168/(2/4*2). Let l(b) = b**3 + 6*b**2 - 3*b. Let v be l(-8). Let p = x + v. What is the highest common factor of p and 16?
16
Let u = 25 + -8. Calculate the greatest common factor of 34 and u.
17
Suppose 0 = -4*w + 4*z + 140, 0 = w + w - 5*z - 67. Suppose -5*s - 61 = -2*t, 2*t - 4*s = -2*t + 92. What is the highest common divisor of w and t?
18
Suppose 5*p - 112 - 63 = -5*n, -2*n + 61 = 5*p. Let d = n - -70. What is the greatest common factor of 12 and d?
12
Let y be -1*-4*10/1. Let v(z) = z**2 - 8*z - 4. Let g be v(9). Suppose -3*s + 13 = g*b + 3, -16 = -4*s - 4*b. Calculate the greatest common divisor of y and s.
5
Let u be ((-188)/(-6))/(13/39). Calculate the greatest common factor of 47 and u.
47
Suppose 27 + 279 = 4*q - 2*i, -315 = -4*q - i. What is the highest common divisor of 26 and q?
26
Let k = -23 + 68. Let u(j) = 5*j**3 - 4*j**2 + 4*j - 2. Let i be u(2). Calculate the highest common factor of i and k.
15
Suppose -3*v - 4*s + 188 = -3*s, 0 = 2*v + 3*s - 123. Suppose -5*k + 135 = 5*n, -2*n = 4*k - v + 7. Calculate the greatest common divisor of n and 39.
13
Suppose 5*c + 2*o = 70, o = 2*c - 3*c + 11. Let a(g) = 5*g + 8. Let n be a(8). Calculate the highest common factor of n and c.
16
Let g(l) = 12*l + 1. Let o = 4 - 1. Suppose o*u = 2*z + 7, 3*u + 2*z + z + 3 = 0. Let w be g(u). Calculate the highest common divisor of w and 39.
13
Let z = -176 - -386. What is the highest common divisor of z and 30?
30
Let n(k) = -2*k - 10. Suppose -o - 4*o + 3*a - 23 = 0, -3*a - 12 = 0. Let c be n(o). Suppose -2*r - c = -20. Calculate the highest common divisor of r and 16.
8
Let c(l) = -l**3 + 8*l**2 + 4*l. Let h be c(8). What is the greatest common divisor of 4 and h?
4
Suppose -4*n - 4*o + 84 = -288, 0 = -3*n + o + 259. Let v(x) = -x**2 - 9*x - 7. Let r be v(-6). Calculate the highest common divisor of n and r.
11
Suppose -3*i - 2*t = -445, 2*i - 60 = t + 225. Suppose -5*u = 3*k - i, -11 = -k + 5*u + 4. What is the highest common divisor of k and 16?
8
Suppose -3*r = 4*l - 64, 2*l = r - 14 - 4. Suppose -y - 3 = 3*z - 5, -4*z = r. Calculate the highest common divisor of 68 and y.
17
Let a(d) = -d**3 - 6*d**2 - 7*d - 5. Let g be a(-5). Suppose -89 - 1 = -g*x. Suppose 0*t = -3*t + 108. What is the highest common divisor of t and x?
18
Let l(x) = 6*x - 47. Let t be l(17). What is the greatest common divisor of t and 77?
11
Suppose -5*f = -41 - 119. Calculate the greatest common divisor of f and 4.
4
Let j be (-7)/((-63)/2256)*3/2. What is the greatest common factor of 47 and j?
47
Let u = -239 - -344. Let i be (-1)/(u/36 - 3). Calculate the greatest common divisor of 18 and i.
6
Suppose -7*c + 72 = -3*c. Let r(n) = -13*n - 3. Let p be r(-3). What is the greatest common factor of c and p?
18
Let l(a) = 6*a - 24. Let y be l(8). Calculate the highest common factor of 3 and y.
3
Let r = 49 - 45. What is the highest common divisor of 20 and r?
4
Suppose -5*g = p - g - 13, 5 = p - 4*g. What is the greatest common divisor of p and 27?
9
Let w be ((-21)/(-35))/((-2)/(-10)). Suppose -k - j = -12, -2*j = w*k + 3*j - 28. Calculate the highest common divisor of k and 32.
16
Let i(m) = 2*m**2 - 7*m + 2. Let t be i(5). Suppose -t = -w - 2. What is the highest common factor of w and 135?
15
Let c(w) = w**2 - 4*w - 7. Let d be c(6). Suppose -4*g = g - 225. What is the highest common factor of g and d?
5
Let p be 0/(8/((-16)/4)). Suppose -4*g + 33 = i, p*i + i = -5*g + 29. What is the greatest common divisor of i and 7?
7
Suppose -6 - 6 = s. Let b be (-6)/(-4)*(-16)/s. Let i = 19 + -11. Calculate the greatest common factor of b and i.
2
Let t = -55 + 83. Calculate the highest common factor of t and 42.
14
Suppose -2*s - 2 = -6. Let n = s - -20. What is the highest common divisor of 11 and n?
11
Let o be (-1 - 1)/2*2. Let f be 4 - (-3)/6*o. What is the greatest common divisor of 6 and f?
3
Suppose 0 = -4*o + 59 + 5. Calculate the greatest common factor of o and 24.
8
Let r be